5*w = -2*m - 7 + 17. Let o = w - -8. What is the highest common factor of 40 and o?
8
Suppose 951 = 16*x + 71. What is the highest common factor of x and 55?
55
Suppose 4*p + 5*h = 4724, -2*p + 1196 = -p + 5*h. Calculate the highest common factor of p and 98.
98
Let c = 122 - 75. Let p(u) = 48*u**2 - 3*u + 2. Let s be p(2). What is the highest common factor of s and c?
47
Let w be (-291)/9 + 10/(-6) + 1. Let l = 57 + w. Calculate the greatest common divisor of l and 96.
24
Let b = 11737 - 3146. Let r be b/33 + (-2)/(-3). Let c = -25 + 54. Calculate the greatest common factor of r and c.
29
Let o(w) = 49*w**2 - 3*w - 4. Let r be o(-2). Let j = -111 + r. What is the greatest common factor of j and 29?
29
Let l = -241 + 406. What is the greatest common factor of 195 and l?
15
Let k(z) = z - 18. Let r be k(20). Suppose r*u - 252 = -5*u. Calculate the greatest common factor of 12 and u.
12
Let c be 1 - (-1 + -9)/2. Suppose 4 = -3*u + 7. Let q be (c/9)/(u/18). What is the highest common factor of 84 and q?
12
Let m(g) = g**3 + 3*g**2 - 2*g. Let f be m(-3). Let j(l) = 2*l - 10. Let i be j(f). Suppose r = 1 + 1. Calculate the highest common factor of r and i.
2
Suppose 3*y + c - 45 = -3*c, c + 8 = y. Suppose -t + 2*u + 88 = -3*u, 5*t = 5*u + 440. Calculate the greatest common factor of y and t.
11
Let h = -1309 - -1444. What is the greatest common factor of h and 54?
27
Let k be (41/(-123))/(1/(-330)). What is the greatest common factor of k and 2090?
110
Suppose 0*z = -3*z + 792. Suppose -29 = -m - 5. Calculate the highest common divisor of z and m.
24
Let o = -18 - -22. Suppose f = o + 8. Calculate the highest common divisor of f and 36.
12
Let l(y) = 5*y**2 - 38*y + 108. Let p be l(13). What is the greatest common divisor of 216 and p?
27
Suppose 441 = 7*v - 735. Suppose 11*c - v = 3*c. What is the highest common factor of c and 7?
7
Suppose 4 = -2*j + 4*j. Let z = 4 - j. Suppose 20 = 2*w - 2*q, -5*q - 40 = z*w - 6*w. Calculate the greatest common divisor of 20 and w.
10
Let o(z) = -12*z**3 + 18*z**2 + z - 1. Let v be o(-2). Calculate the greatest common factor of 105 and v.
15
Suppose 4*z - 7 = 1. Let b be 2/(z - -4)*9. What is the highest common divisor of b and 4?
1
Let p = 13 - -1. Suppose 0 = -12*d + 11*d + 4. Let g be d + 18 - (-2 + 3). Calculate the highest common factor of g and p.
7
Suppose -2*w - 678 = 4*d, -w - 212 = d - 43. Let i be (d/(-51))/((-4)/(-18)). What is the highest common divisor of i and 60?
15
Suppose 2*i + 3*j - 238 = 0, 0*j - 595 = -5*i + 5*j. Let n = 121 + -104. Calculate the greatest common divisor of i and n.
17
Suppose 5*g + 6 = -9, -5*s = -5*g - 120. Suppose l - 14 = -0*l. What is the greatest common factor of l and s?
7
Suppose -5*z - 176 = -5*d + 364, 4*z - 456 = -4*d. Let q = -61 + d. Calculate the highest common factor of 20 and q.
10
Let d(q) = 23*q + 158. Let w be d(-4). What is the greatest common divisor of 231 and w?
33
Suppose 3*s - 37 = -2*n, -2*n - 3*s = -6*n + 29. Calculate the greatest common divisor of n and 605.
11
Let w(n) = -n**2 + 23*n - 51. Let v be w(6). What is the greatest common divisor of v and 255?
51
Suppose -2*k + g + 4*g = -21, -4*g - 20 = -2*k. Suppose 3*p - 6 = 42. What is the greatest common divisor of p and k?
8
Let n(k) = -15*k + 90. Let l be n(-5). Suppose -32 - 34 = -2*t. Calculate the greatest common divisor of l and t.
33
Suppose -28 = -5*k + 82. Calculate the highest common factor of k and 11.
11
Suppose 2*w = -4*x + x + 89, -4*x + 5*w = -134. Let v(d) = d**3 - 30*d**2 - 29*d + 64. Let t be v(x). Calculate the greatest common divisor of t and 28.
14
Suppose 4*l - 4 = 2*t, 3*t + l - 2 = -l. Suppose -h + 4 = -5*j, t*j - 2*j + 20 = 5*h. Suppose n - 24 = -h. What is the highest common factor of n and 160?
20
Let r(y) = -7*y + 72. Let w be r(10). Suppose -t - 2*d + 372 = w*d, -d - 735 = -2*t. What is the greatest common factor of t and 46?
46
Suppose -6*i + 19 + 35 = 0. Let q be (12/(-5))/(3/(-45)). Calculate the greatest common divisor of q and i.
9
Suppose r - 16 + 4 = -3*u, 2*r + 9 = 5*u. Suppose 3*x + r*y = 69, 82 = -3*x + 7*x - y. What is the greatest common divisor of 231 and x?
21
Suppose 977 = -12*h + 17321. What is the greatest common factor of h and 6?
6
Let g(k) = -3*k**2 + 150*k - 108. Let h be g(45). What is the highest common divisor of h and 405?
81
Suppose -21*u - 34*u = -2915. What is the greatest common divisor of u and 424?
53
Let k(p) = -6*p - 15. Let d be k(-4). Let t(z) = 3*z - 26. Let x be t(d). What is the highest common factor of x and 5?
1
Let q = 25 - 20. Suppose 0 = z, 4*m = 3*z - q*z + 136. Calculate the highest common divisor of m and 51.
17
Let a = -22 + 24. Suppose -3*r = 5*u - 25, -3*u + 13 = -5*r - a. What is the highest common factor of 10 and u?
5
Let q be (-5)/(-15) - (-11)/3. Suppose 0 = 4*r - f - 22, 10 = 8*r - q*r + 5*f. What is the highest common divisor of r and 35?
5
Let s(r) = -r**3 - 17*r**2 + 18*r + 9. Let j be s(-18). Let h = j + 31. Calculate the highest common factor of 8 and h.
8
Let q(g) = 6*g + 1. Let j be q(-3). Let i be (-3)/(-5) - (-4)/((-20)/j). What is the greatest common factor of i and 16?
4
Suppose 0 = -3*y - 6 + 15. Suppose z + y = 0, 2*c + 5*z = z - 54. Let n be (c + 1)/(17 + -19). What is the greatest common divisor of 4 and n?
2
Let g(w) = 5*w**2 + 38*w + 175. Let l be g(-5). What is the highest common factor of l and 15?
5
Let b = 0 - -17. Let j(y) = -25*y - 1433. Let z be j(-58). Calculate the greatest common factor of b and z.
17
Suppose x - 5*d - 53 = 0, -3*d + 7*d = 4*x - 244. Calculate the highest common divisor of 21 and x.
21
Let y = -9 + 12. Suppose -4*d + 8 - 3 = y*o, 4*o = 2*d - 8. Suppose 6*p - 16 = d*p. What is the greatest common factor of 12 and p?
4
Suppose 9*h = 14*h. Suppose h = -4*a - 290 + 434. What is the greatest common factor of a and 252?
36
Suppose 4 - 3 = -l. Let d be 9 - l/(3 + -2). What is the greatest common factor of d and 70?
10
Let b = 126 + -120. Let q be (78/12)/(3/b). What is the highest common factor of 13 and q?
13
Let r = 744 + -728. Let l(u) = 2*u**2 - 7*u - 6. Let p be l(6). Calculate the highest common factor of p and r.
8
Let d be 44/(-220) + 272/10. Calculate the greatest common divisor of 27 and d.
27
Suppose -298 = -7*c - 95. Let m = -28 + c. Calculate the highest common factor of 9 and m.
1
Let d be (-1)/(38/12 + -3). Let u = d - -21. Calculate the greatest common divisor of u and 3.
3
Let b be -8*((-65)/40 + -1). Suppose 0*g + 3*g = 63. What is the greatest common factor of b and g?
21
Suppose 272 = -5*o + 22*o. Suppose -o*y - 64 = -20*y. What is the greatest common factor of y and 64?
16
Suppose 0 = -3*n + 5*s + 44, s + 31 = 2*n - 4*s. Let z(q) = 12 - 3*q + n*q + 14*q. Let u be z(5). What is the greatest common divisor of 33 and u?
33
Let f = 12 + -10. Suppose -f*b + 4*k + 8 = 0, -12 = -0*b + 4*b - k. Let o = b + 7. Calculate the highest common factor of 24 and o.
3
Let z = -2 - -6. Suppose 3*l - 6*o = -o + 32, -z*o + 20 = 0. What is the highest common factor of l and 57?
19
Suppose 2*s - 8*s = -1200. What is the greatest common factor of s and 25?
25
Suppose 24 = 5*w - 176. Let h = w + -66. Let g = 46 + h. Calculate the highest common divisor of 60 and g.
20
Suppose 7*r = 11*r + o - 49, -5*o - 55 = -5*r. Calculate the highest common factor of r and 16.
4
Let b be ((-6)/(-18))/(3/153). What is the greatest common divisor of b and 986?
17
Suppose 3*y = -2*f + 19, 5*f + 0*f - 4*y = 59. Let w = 0 + 11. What is the highest common divisor of f and w?
11
Let j(p) = 51*p**2 - 12*p - 2. Let r be j(-3). Calculate the highest common factor of r and 29.
29
Suppose 79 = 3*g - 5*g - 5*y, 212 = -5*g + 2*y. Let t = g - -52. What is the highest common divisor of 4 and t?
2
Suppose -4*m + 352 = 64. Let a = -5 + 8. Let i = a + m. Calculate the greatest common factor of i and 15.
15
Suppose -5*c - 4*q = -66, 3*c + q = 27 + 7. Let z be (0 - 25/c)*-16. What is the highest common divisor of 60 and z?
20
Suppose 16*f = 27*f - 1485. What is the greatest common factor of f and 60?
15
Let f = -17 - -22. Suppose 4*t + f*t - 1215 = 0. Calculate the greatest common factor of t and 54.
27
Let m = 46 + 4. Suppose -5*p - 5*w = -m, 3*w = -0*w - 9. Calculate the highest common divisor of p and 13.
13
L